- 4*v = 3. What is the units digit of o?
8
Let k be -330 - 6*(-3)/(-6). Let d = k - -159. What is the tens digit of d/(-4)*16/24?
2
Let u be 2/(-4) + (225/6)/3. Suppose u = -3*t, 4*t + 613 + 15 = 4*f. What is the tens digit of f?
5
What is the units digit of 16/(-40)*(-5235)/6?
9
Let w = -236 - -311. What is the units digit of w?
5
Suppose 0 = -h - 5, -16*h = -4*n - 13*h - 1. Let t(g) be the second derivative of -3*g**3/2 - 5*g**2/2 - g. What is the tens digit of t(n)?
3
Let i(p) = -p**2 - 10*p - 19. Let d be i(-10). Suppose 2*m - 6 - 70 = 0. Let o = d + m. What is the units digit of o?
9
Let d = -157 - 132. What is the hundreds digit of (-2)/(-4 - 7/(-2)) - d?
2
Let h(i) = 19*i - 28. Let g be h(8). Suppose -4*v + g + 148 = 0. What is the units digit of v?
8
Let c be (-5 + 8 + (-14)/4)*-8. Suppose 0 = w - 18 + c. What is the units digit of w?
4
Let q = -16 + 150. What is the tens digit of 8/32 + q/8?
1
Suppose -51 + 30 = -3*t. Suppose 0 = -4*x - 4*q + 36, -4*q + 3 = 2*x - t. What is the units digit of x?
3
Suppose 0 = -3*h + 26 + 43. Let p(c) = -7 + 5*c + 18 - h. What is the units digit of p(5)?
3
Let c(z) = z**3 + 6*z**2 - 14*z - 2. Let d be c(-6). What is the tens digit of 0 - 4 - -2 - d/(-2)?
3
Let d = 8 + -8. Let x = d - 0. Suppose -5*b + 4*g + 20 = 0, 4 = b - x*b + 4*g. What is the units digit of b?
4
What is the thousands digit of ((-4)/7)/(68/(-125902))?
1
Suppose -12 = 2*h - 6*h. Suppose h*g - 347 = -5*l + 175, -g + l + 166 = 0. What is the hundreds digit of g?
1
Let k(s) = s**3 + 9*s**2 - s + 667. What is the tens digit of k(0)?
6
Let f(n) = -31*n + 1020. What is the units digit of f(-46)?
6
Let a be (4 - 4/(-8)*-2) + -3. What is the tens digit of 3/2*(a + 78)?
1
Let v = -3 + -24. Let r = 37 + -86. Let j = v - r. What is the units digit of j?
2
Suppose -10*y + 2*y = -18472. What is the hundreds digit of y?
3
Suppose 2*n + 2*n + 24 = 0. Let c be (-9)/(-4)*(-16)/n. Suppose -4*o - 23 = -t, -2*t + o = -c*t + 126. What is the units digit of t?
1
Let a(v) = v + 11. Let n be a(-11). Let l(c) = -c**2 - 3*c + 2. Let q be l(-3). Suppose q = -2*h, n*h - 69 = -3*k - 3*h. What is the tens digit of k?
2
Let c be (2 - -5088)*-4*(-4)/32. Suppose 0 = 14*q - c + 473. What is the tens digit of q?
4
Suppose 8 = -a + 5*q - 3*q, 0 = -2*a - 5*q - 61. Let c be (16/(-6))/((-2)/21). Let u = a + c. What is the tens digit of u?
1
Suppose -38 + 174 = 2*s. What is the tens digit of s?
6
Let s(u) = 79*u + 5. Let q be s(1). Let i = q + -28. What is the tens digit of i?
5
Suppose 5*f - 2*g = 3081, 7*f - 6*f = 3*g + 624. What is the units digit of f?
5
Suppose 0 = -130*v + 144*v - 16142. What is the hundreds digit of v?
1
Let s(z) = -z**2 - 4*z - 1. Let r be s(-4). Let o = r + 1. What is the units digit of (o - -16)*(1 + 2)?
8
Suppose 4*q = -4*x - 268, 10 = -4*x - 10. Let d = -40 - q. Suppose 5*h - 76 = z, -z + 30 + d = 3*h. What is the tens digit of h?
1
Let x = -13 + 23. Suppose x*r - 1323 = 1897. What is the tens digit of r?
2
Let o be -2 - 0 - (2 - 6). Let m(k) = 0*k - k**3 - 2*k**2 + 4 - o*k**2 + 8*k**2 - k. What is the units digit of m(3)?
0
Let o(i) = -3*i + 5. Let n(p) = -2*p + 6. Let j(g) = 4*n(g) - 3*o(g). Let d be j(0). Let c = 10 + d. What is the units digit of c?
9
Suppose -3*u = m + 4*m - 17136, -6 = 2*u. What is the hundreds digit of m?
4
Let g be (116/6 - 3/9) + -3. Let n(c) = c**3 - 7*c**2 + 7*c + 2. Let i be n(5). Let u = i + g. What is the units digit of u?
3
Let b(m) = -2*m**2 + 2*m - 15. Let a(d) = 5*d**2 - 6*d + 44. Let u(n) = -6*a(n) - 17*b(n). Let z be u(-6). What is the tens digit of (-6)/(-15) + z/5?
2
Suppose -9*a + 13679 + 11152 = 0. What is the thousands digit of a?
2
Suppose -m - 4 = m - 5*r, 5*r - 22 = -4*m. Let d(v) = v**3 + 3*v**2 - 4*v + 2. What is the units digit of d(m)?
4
Let m(w) = w**3 + 8*w**2 + 9*w - 8. Let t be m(-7). Let j = t - -19. Let u(x) = -8*x + 3. What is the units digit of u(j)?
7
Let d be (-4)/(6/(-93) - 0). Suppose 5*z + 5*b - 76 = 2*z, 88 = 4*z + 4*b. Suppose z - d = -3*u. What is the units digit of u?
5
Let g be 9*(0 - (-2)/6). Suppose 2*t + 57 = g*t. Suppose 5*k = 48 + t. What is the units digit of k?
1
Suppose 0*v - 27 = -3*t - 3*v, 29 = 5*t + v. Suppose 0 = -4*b - t*c + 287, b - 3*c + 375 = 6*b. What is the units digit of b?
8
Let p = 2 - -3. Suppose -2*h = -x + 3*x - 26, p*x = -20. Suppose -2*d = -d - h. What is the tens digit of d?
1
Let d(b) = b**3 + 56*b**2 + 105*b - 166. Let g be d(-54). Let m(j) = -3*j + j**3 + 4*j**2 - 5*j - 9 + 3*j. What is the tens digit of m(g)?
1
Let s be ((-16)/(-12))/((-3)/(-9)). Suppose 2*u + 168 = s*u. What is the units digit of u?
4
Let z be -146 - (1 + 5 + -4). Let u = -132 - z. What is the units digit of u?
6
Let h(l) = -l**3 + 4*l**2. Let z be h(5). Let f = z + 54. What is the units digit of f?
9
Suppose 3*b + 407 = c, -4*c - c - 5*b = -2035. What is the hundreds digit of c?
4
Let i(v) = -v**2 + 10*v - 4. Let l be i(9). Suppose 2*b - l + 1 = 0. Suppose -68 = -j - 5*s, b*j + 2*s - 53 = j. What is the units digit of j?
3
Suppose -5*r = -4*r + 1. Let q = r - -3. Suppose q*m = -2*m + 48. What is the tens digit of m?
1
Suppose 48*f = 31*f + 28271. What is the hundreds digit of f?
6
Let s(q) = -4*q + q**3 - 1 - 11*q - 5*q**2 + 17*q**2 - 1. Let l be s(-13). Suppose j = -j + l. What is the tens digit of j?
1
Suppose -2*p - 14 = -4*p. Let v be 2/(-7) + 695/p. Suppose -v = -5*d + 16. What is the tens digit of d?
2
Let v(y) = -40*y - 86. What is the units digit of v(-41)?
4
Suppose 2*h - 3*h = -22. Suppose f - 6 = h. Suppose 3*g + g = f. What is the units digit of g?
7
What is the tens digit of -2*(10 + 2 + -782)?
4
Suppose 2*l - 5 = l. Suppose l*z - 609 = -219. What is the units digit of z?
8
Let k(q) = -4*q - 29. Let j be k(-10). Suppose 0 = -i + 70 - j. What is the units digit of i?
9
Suppose -2*k - 4 = -6. Let i = 5 + k. Let f(l) = l - 2. What is the units digit of f(i)?
4
Suppose -7*f = -10*f + 579. Suppose 3*d + 2*l = l + f, -3*d + l = -203. What is the units digit of d?
6
Let j(g) = -g**2 - 6*g + 299. What is the tens digit of j(0)?
9
Let a(z) = -z**3 + 12*z**2 - 29*z - 27. What is the tens digit of a(-11)?
7
Suppose 25*s - 20229 = 1896. What is the tens digit of s?
8
Suppose -3*m - 4 + 13 = 0. Suppose 26 = 2*v + 3*u - 49, -3 = -m*u. What is the tens digit of v?
3
Let i be (10 + -30)*1/(-2). Suppose 12 = i*o - 6*o. Suppose 144 = o*w - 36. What is the units digit of w?
0
Let f(y) = 13*y**2 - 3*y - 10. What is the units digit of f(7)?
6
Let z(t) = -699*t - 1035. What is the units digit of z(-5)?
0
Suppose d - 715 = -2*h + 134, 5*d + 397 = h. What is the units digit of h?
2
Let m(l) = -7*l - 1. Let i be m(-9). Suppose -2*k = 2*w + i, -4*k - w - 92 = 17. What is the units digit of (-4)/k - (-1710)/39?
4
Suppose q - 69 = 21. What is the tens digit of q?
9
Suppose 0 = k + 6*k - 63. Let a be 6/k + (-340)/(-3). Suppose -5*g - 2*r - a + 373 = 0, -2*g - 5*r = -91. What is the units digit of g?
3
Suppose -4*l + 5 = c, 0 = 3*l - 7*l. Suppose 0 = c*a - 21 + 156. Let z = a + 40. What is the units digit of z?
3
Let z(i) = i**2 + i + 32*i**3 + i**2 - 4*i**2. Let w be z(1). Suppose -3*g = p - w, -g - p = -4*p - 27. What is the tens digit of g?
1
Let c be (13 - -1)/(0 - -1). Suppose 105 = i - c. What is the hundreds digit of i?
1
Suppose 5*t = 6*t - 3. What is the units digit of t*-3*20*3/(-6)?
0
What is the units digit of 3/((-3)/(-203))*(-23)/(-23)?
3
Let r(t) = -t**3 + 7*t**2 - t + 2. Let v be r(7). Let z = v + 9. Suppose 0*k - 128 = -z*k. What is the tens digit of k?
3
Suppose -4*c + 5432 = -5*t, 5*c - 3*t - 3744 = 3046. What is the units digit of c?
8
Suppose -3*t - u = 6, 3 = -u - 0. Let z be t/(2 + (-125)/65). Let o = -7 - z. What is the units digit of o?
6
Let b(p) = -p**3 - 7*p**2 + 7*p + 10. Suppose -41 = 5*k - 3*i, 16 = -k + 3*i + 3. Let h be b(k). What is the units digit of (-17)/(-7) - h/(-91)?
2
Let r(z) = -z**3 + 15*z**2 + 2*z - 11. Let f be -1 + 2 - (-4 - 10). What is the tens digit of r(f)?
1
Suppose -o + 6*o = 20. Suppose 0 = o*d - 0*z - 3*z + 92, 44 = -2*d + z. What is the tens digit of 3/9*3 - d?
2
Suppose -5596 = -4*x + 15*s - 11*s, 3*x + 4*s = 4176. What is the thousands digit of x?
1
Let t(a) = -a**2 - 9*a + 108. Let y be t(0). Suppose -k - k = 148. Let p = k + y. What 